{"id":811,"date":"2020-09-08T15:49:31","date_gmt":"2020-09-08T13:49:31","guid":{"rendered":"http:\/\/tiszaalparise.hu\/?page_id=811"},"modified":"2020-09-08T15:57:05","modified_gmt":"2020-09-08T13:57:05","slug":"tao-2020-2021-labdarugas","status":"publish","type":"page","link":"http:\/\/tiszaalparise.hu\/?page_id=811","title":{"rendered":"TAO &#8211; 2020-2021 &#8211; Labdar\u00fag\u00e1s"},"content":{"rendered":"\n<div class=\"wp-block-file\"><a href=\"http:\/\/tiszaalparise.hu\/wp-content\/uploads\/2020\/09\/Sportfejleszt\u00e9si-program-\u2013-2020-2021-Labdar\u00fag\u00e1s.pdf\">Sportfejleszt\u00e9si program \u2013 2020-2021 &#8211; Labdar\u00fag\u00e1s<\/a><a href=\"http:\/\/tiszaalparise.hu\/wp-content\/uploads\/2020\/09\/Sportfejleszt\u00e9si-program-\u2013-2020-2021-Labdar\u00fag\u00e1s.pdf\" class=\"wp-block-file__button\" download>Let\u00f6lt\u00e9s<\/a><\/div>\n\n\n\n<div class=\"wp-block-file\"><a href=\"http:\/\/tiszaalparise.hu\/wp-content\/uploads\/2020\/09\/Sportfejleszt\u00e9si-program-ingatlan-\u2013-2020-2021-Labdar\u00fag\u00e1s.pdf\">Sportfejleszt\u00e9si program ingatlan \u2013 2020-2021 &#8211; Labdar\u00fag\u00e1s<\/a><a href=\"http:\/\/tiszaalparise.hu\/wp-content\/uploads\/2020\/09\/Sportfejleszt\u00e9si-program-ingatlan-\u2013-2020-2021-Labdar\u00fag\u00e1s.pdf\" class=\"wp-block-file__button\" download>Let\u00f6lt\u00e9s<\/a><\/div>\n\n\n\n<div class=\"wp-block-file\"><a href=\"http:\/\/tiszaalparise.hu\/wp-content\/uploads\/2020\/09\/Sportfejleszt\u00e9si-program-j\u00f3v\u00e1hagy\u00f3-hat\u00e1rozat-\u2013-2020-2021-Labdar\u00fag\u00e1s.pdf\">Sportfejleszt\u00e9si program j\u00f3v\u00e1hagy\u00f3 hat\u00e1rozat \u2013 2020-2021 &#8211; Labdar\u00fag\u00e1s<\/a><a href=\"http:\/\/tiszaalparise.hu\/wp-content\/uploads\/2020\/09\/Sportfejleszt\u00e9si-program-j\u00f3v\u00e1hagy\u00f3-hat\u00e1rozat-\u2013-2020-2021-Labdar\u00fag\u00e1s.pdf\" class=\"wp-block-file__button\" download>Let\u00f6lt\u00e9s<\/a><\/div>\n\n\n\n<div class=\"wp-block-file\"><a href=\"http:\/\/tiszaalparise.hu\/wp-content\/uploads\/2020\/09\/Sportfejleszt\u00e9si-program-ingatlan-j\u00f3v\u00e1hagy\u00f3-hat\u00e1rozat-\u2013-2020-2021-Labdar\u00fag\u00e1s.pdf\">Sportfejleszt\u00e9si program ingatlan j\u00f3v\u00e1hagy\u00f3 hat\u00e1rozat \u2013 2020-2021 &#8211; Labdar\u00fag\u00e1s<\/a><a href=\"http:\/\/tiszaalparise.hu\/wp-content\/uploads\/2020\/09\/Sportfejleszt\u00e9si-program-ingatlan-j\u00f3v\u00e1hagy\u00f3-hat\u00e1rozat-\u2013-2020-2021-Labdar\u00fag\u00e1s.pdf\" class=\"wp-block-file__button\" download>Let\u00f6lt\u00e9s<\/a><\/div>\n\n\n\n<p><\/p>\n","protected":false},"excerpt":{"rendered":"","protected":false},"author":178,"featured_media":0,"parent":0,"menu_order":0,"comment_status":"closed","ping_status":"closed","template":"","meta":[],"_links":{"self":[{"href":"http:\/\/tiszaalparise.hu\/index.php?rest_route=\/wp\/v2\/pages\/811"}],"collection":[{"href":"http:\/\/tiszaalparise.hu\/index.php?rest_route=\/wp\/v2\/pages"}],"about":[{"href":"http:\/\/tiszaalparise.hu\/index.php?rest_route=\/wp\/v2\/types\/page"}],"author":[{"embeddable":true,"href":"http:\/\/tiszaalparise.hu\/index.php?rest_route=\/wp\/v2\/users\/178"}],"replies":[{"embeddable":true,"href":"http:\/\/tiszaalparise.hu\/index.php?rest_route=%2Fwp%2Fv2%2Fcomments&post=811"}],"version-history":[{"count":2,"href":"http:\/\/tiszaalparise.hu\/index.php?rest_route=\/wp\/v2\/pages\/811\/revisions"}],"predecessor-version":[{"id":823,"href":"http:\/\/tiszaalparise.hu\/index.php?rest_route=\/wp\/v2\/pages\/811\/revisions\/823"}],"wp:attachment":[{"href":"http:\/\/tiszaalparise.hu\/index.php?rest_route=%2Fwp%2Fv2%2Fmedia&parent=811"}],"curies":[{"name":"wp","href":"https:\/\/api.w.org\/{rel}","templated":true}]}}