{"id":398,"date":"2017-12-05T07:45:24","date_gmt":"2017-12-05T07:45:24","guid":{"rendered":"http:\/\/tiszaalparise.hu\/?page_id=398"},"modified":"2017-12-05T18:45:06","modified_gmt":"2017-12-05T18:45:06","slug":"20162017-labdarugas","status":"publish","type":"page","link":"http:\/\/tiszaalparise.hu\/?page_id=398","title":{"rendered":"TAO &#8211; 2016\/2017 &#8211; Labdar\u00fag\u00e1s"},"content":{"rendered":"<p><em><span style=\"font-size: large;\"><a href=\"http:\/\/tiszaalparise.hu\/wp-content\/uploads\/2017\/12\/Sportfejleszt\u00e9si-program-2016-2017.pdf\">Sportfejleszt\u00e9si program &#8211; 2016-2017<\/a><\/span><\/em><\/p>\n<p><em><span style=\"font-size: large;\"><a href=\"http:\/\/tiszaalparise.hu\/wp-content\/uploads\/2017\/12\/Sportfejleszt\u00e9si-program-hosszab\u00edt\u00f3-hat\u00e1rozat-2016-17.pdf\">Sportfejleszt\u00e9si program &#8211; hosszab\u00edt\u00f3 hat\u00e1rozat &#8211; 2016-17<\/a><\/span><\/em><\/p>\n<p><em><\/em><em><span style=\"font-size: large;\"><a href=\"http:\/\/tiszaalparise.hu\/wp-content\/uploads\/2017\/12\/Sportfejleszt\u00e9si-program-j\u00f3v\u00e1hagy\u00f3-hat\u00e1rozat-2016-17.pdf\">Sportfejleszt\u00e9si program &#8211; j\u00f3v\u00e1hagy\u00f3 hat\u00e1rozat &#8211; 2016-17<\/a><\/span><\/em><\/p>\n","protected":false},"excerpt":{"rendered":"<p>Sportfejleszt\u00e9si program &#8211; 2016-2017 Sportfejleszt\u00e9si program &#8211; hosszab\u00edt\u00f3 hat\u00e1rozat &#8211; 2016-17 Sportfejleszt\u00e9si program &#8211; j\u00f3v\u00e1hagy\u00f3 hat\u00e1rozat &#8211; 2016-17<\/p>\n","protected":false},"author":178,"featured_media":0,"parent":0,"menu_order":0,"comment_status":"open","ping_status":"open","template":"","meta":{"colormag_page_container_layout":"default_layout","colormag_page_sidebar_layout":"default_layout","footnotes":""},"class_list":["post-398","page","type-page","status-publish","hentry"],"_links":{"self":[{"href":"http:\/\/tiszaalparise.hu\/index.php?rest_route=\/wp\/v2\/pages\/398","targetHints":{"allow":["GET"]}}],"collection":[{"href":"http:\/\/tiszaalparise.hu\/index.php?rest_route=\/wp\/v2\/pages"}],"about":[{"href":"http:\/\/tiszaalparise.hu\/index.php?rest_route=\/wp\/v2\/types\/page"}],"author":[{"embeddable":true,"href":"http:\/\/tiszaalparise.hu\/index.php?rest_route=\/wp\/v2\/users\/178"}],"replies":[{"embeddable":true,"href":"http:\/\/tiszaalparise.hu\/index.php?rest_route=%2Fwp%2Fv2%2Fcomments&post=398"}],"version-history":[{"count":6,"href":"http:\/\/tiszaalparise.hu\/index.php?rest_route=\/wp\/v2\/pages\/398\/revisions"}],"predecessor-version":[{"id":442,"href":"http:\/\/tiszaalparise.hu\/index.php?rest_route=\/wp\/v2\/pages\/398\/revisions\/442"}],"wp:attachment":[{"href":"http:\/\/tiszaalparise.hu\/index.php?rest_route=%2Fwp%2Fv2%2Fmedia&parent=398"}],"curies":[{"name":"wp","href":"https:\/\/api.w.org\/{rel}","templated":true}]}}